mmon factor of 108 and t.
12
Let r(g) = 5*g**2 + 3*g - 1. Let w be r(-3). Let c = 27 + -20. Calculate the highest common divisor of w and c.
7
Let m = 44 + -22. Suppose -2*z + 3*z - 2 = 0. Suppose -3*l + 2*v - 76 = -5*l, 0 = -z*l - 4*v + 86. What is the highest common factor of l and m?
11
Suppose 2 = c - 6. Calculate the greatest common factor of c and 8.
8
Let j be (-52)/(-6) + (-4)/(-3). What is the highest common divisor of j and 25?
5
Suppose 0*j = 4*j - 80. Let b = -63 + 223. What is the highest common factor of b and j?
20
Let j = 61 - 55. Calculate the greatest common divisor of j and 48.
6
Let a(g) = 5*g + 109. Let h be a(-17). Suppose 3*f + 32 = 140. Calculate the highest common factor of f and h.
12
Suppose 0 = -l - 2*l + 120. Calculate the highest common divisor of l and 4.
4
Suppose -2*q + 0*q = 2. Let s be q + 1 + 0 - -192. What is the highest common factor of s and 24?
24
Let r = -40 - -60. Suppose 0 = -c - 10 - 10. Let a = -15 - c. What is the highest common factor of a and r?
5
Let w = 107 + -102. Calculate the highest common factor of w and 85.
5
Let u(o) = o**3 + 3*o**2 + 4*o + 2. Let b be u(-2). Let h be 174 + -4*b/4. Suppose -2*j + 77 = 45. What is the greatest common divisor of j and h?
16
Suppose -m + 145 = -2*y, 3*y - 624 = -4*m - 0*m. What is the greatest common divisor of 17 and m?
17
Let o(m) = 2*m**2 + 8. Let t be o(-6). Let l = -20 + 40. What is the greatest common divisor of t and l?
20
Suppose 7*a = 3*m + 2*a + 11, -17 = -3*m - 2*a. Suppose z = m*z - 90. Let f(w) = 3*w - 4. Let u be f(3). Calculate the greatest common divisor of u and z.
5
Suppose -3*t - 40 = -c, 5*c - 7*c = 4*t - 30. What is the greatest common divisor of c and 1?
1
Let f(m) = 3*m + 4. Let b be f(3). Calculate the highest common factor of 65 and b.
13
Let f = 114 + 26. Calculate the greatest common factor of 28 and f.
28
Suppose k + 5 - 10 = 0. Suppose k*a = -3*j + 98, 4*a - 25 = -4*j + 47. What is the greatest common factor of a and 66?
22
Let j be (1*-2 - -15) + (6 - 5). What is the highest common factor of j and 112?
14
Suppose u - z - 7 = 0, -3*z + 2*z + 35 = 5*u. Suppose u*t - 12 = 5*t. What is the greatest common factor of 18 and t?
6
Let u(w) = 11*w + 1. Let c be u(1). Let o = 48 - c. Let q be (2 - 2) + 1*4. Calculate the highest common factor of o and q.
4
Suppose -2*u - 4*d + 32 = -12, 97 = 4*u - d. Calculate the highest common factor of 36 and u.
12
Let a = 3 + -1. Suppose j - a*r = 17, 5*j = 2*r - 3*r + 63. Suppose 10*f - j*f = -51. Calculate the highest common divisor of 119 and f.
17
Suppose b - 24 = -2*b. Let l be ((-88)/(-5))/(5/25). Suppose -b*w + l = -4*w. Calculate the highest common divisor of 88 and w.
22
Let v = 59 + -51. What is the greatest common factor of v and 32?
8
Let l be (-12728)/56 - (-4)/14. Let w = l + 337. Calculate the greatest common factor of w and 11.
11
Suppose -7*w - 384 = -15*w. What is the highest common factor of w and 12?
12
Let q(b) = -68*b. Let z be q(-2). Calculate the highest common factor of 17 and z.
17
Let h = -15 - -25. What is the greatest common divisor of h and 30?
10
Let b = 411 - 274. Let d = b - 67. Calculate the highest common divisor of 14 and d.
14
Suppose -u - 3*o = -17, -3*o + 12 = o. What is the greatest common divisor of 12 and u?
4
Let r(h) = 3*h**2 + 2*h. Suppose d + d = -3*a - 9, -3*a - 9 = -d. Let t be r(a). Calculate the highest common factor of t and 3.
3
Suppose -t - 80 = -5*t. Let q = -30 - -46. Let f be 6/(-8) - (-140)/q. What is the greatest common factor of t and f?
4
Let n(v) = -v**3 - 5*v**2 - 5*v + 4. Let r be 2/((-4)/(-1))*-8. Let s be n(r). Suppose 0 = -0*z + 4*z - 128. What is the greatest common divisor of s and z?
8
Let v be (-38)/4*(-60)/3. Let a = -130 - -28. Let h = a + v. What is the highest common factor of 8 and h?
8
Suppose -5*u + 3*v = -45 + 6, 4*u = 5*v + 39. Suppose -2*h - 25 = -109. Calculate the greatest common factor of u and h.
6
Suppose -152 - 200 = -4*o + x, -x = 0. What is the highest common divisor of 8 and o?
8
Let h(i) = 3*i**2 - 5*i. Let v(o) = o**2 - 2*o. Let c(t) = 3*h(t) - 8*v(t). Let f be c(4). Calculate the greatest common factor of f and 8.
4
Let s(q) = 4*q + 2. Let y be s(3). Calculate the highest common factor of y and 14.
14
Let b = 587 - 286. Calculate the highest common divisor of b and 43.
43
Suppose 68 = 5*i + l - 2*l, 5*i - 64 = 3*l. Suppose -2*k + 0 = -14. Calculate the highest common factor of k and i.
7
Let h = 41 + 3. What is the highest common factor of 33 and h?
11
Suppose 5*j - 6 = -31. Let t(q) = q**2 + 2*q - 1. Let r be t(j). Calculate the greatest common factor of r and 154.
14
Let t(q) = q**2 + 5*q + 5. Let w be t(-4). Suppose -s - 12 = -2*s. Let a = s - 3. What is the highest common factor of w and a?
1
Suppose 0 = 3*r - 3 - 12. Suppose -5*o + 50 = -r*s, 0 = 4*o + s - 4*s - 36. What is the highest common divisor of 6 and o?
6
Suppose -3*q = 3*b - 39, 3*q - 11 = -b + 4*q. Let c be (-5)/((-15)/48) + -4. Calculate the greatest common divisor of c and b.
12
Suppose 3*n + 16 = -3*a - 2*a, 4*a = -20. Let i(w) = w**2 + 6*w + 8. Let u be i(-6). Let k = u + -5. What is the highest common factor of n and k?
3
Suppose -x = 3 - 0. Let j be (4/(-4) - x) + 74. What is the highest common factor of j and 19?
19
Let a = -4 + 12. Suppose 3*j - 5*k - 96 = 0, -j + 4*k + 32 = a*k. Let m be j/6*(-45)/(-12). Calculate the highest common factor of m and 100.
20
Suppose -i - 10 = -3*b, -2*b + 2*i = 3*i - 5. Suppose 2 = b*n - 1. Calculate the highest common divisor of n and 9.
1
Let u(m) = -m**2 - 9*m - 2. Let a = 8 - 3. Suppose g - 4*l + 5*l = -2, -g = a*l - 10. Let x be u(g). What is the greatest common divisor of x and 45?
9
Suppose 2*b = j + 8, 3*b - 18 = 4*j - j. Calculate the highest common divisor of b and 22.
2
Let g(t) = t + 10. Let f be g(-12). Let c be 77 + 1 + 1 + f. What is the highest common divisor of 7 and c?
7
Let a be 99 + (-1)/(-2)*6. What is the greatest common factor of 17 and a?
17
Suppose -2*d - 225 = -7*d. Let q = 15 + -10. Calculate the highest common divisor of q and d.
5
Let p = 6 + 2. Suppose 3 = -d - 0*d. Let z = d + p. Calculate the greatest common factor of 25 and z.
5
Let r(c) = -2*c - 2. Let t be r(5). Let d be 1/2 - 282/t. Calculate the greatest common factor of 6 and d.
6
Suppose -69*g + 76*g = 161. What is the greatest common factor of 115 and g?
23
Let i be (((-4)/(-3))/((-2)/(-231)))/2. Calculate the highest common divisor of 11 and i.
11
Suppose 52 = 2*t + 4*x, 0 = -5*t + 4*x - 2*x + 142. Calculate the greatest common factor of t and 196.
28
Let l = 78 + -35. Suppose 0*o - 8 = 4*o + 5*h, -5*o - 3*h = 10. Let a be l/4 + o/(-8). Calculate the highest common factor of a and 88.
11
Suppose -r - 6 = 2*r. Let j = r - -38. Calculate the greatest common divisor of j and 9.
9
Let r(t) = -82*t + 3. Suppose -3*z - p - 20 = -4, p = -2*z - 10. Let u be r(z). Suppose -2*m - u = -5*m. What is the greatest common divisor of m and 15?
15
Let u = -8 + 12. What is the highest common divisor of 8 and u?
4
Let o = -109 - -57. Let d be (-2)/(-8) - 143/o. Calculate the greatest common factor of d and 9.
3
Suppose 0*a + 2*t - 206 = -3*a, 5*t + 97 = a. What is the highest common factor of 54 and a?
18
Suppose -i - 4*f = -138, 2*i - i + f - 147 = 0. Calculate the greatest common factor of i and 30.
30
Suppose 0 = v - 4 + 1. Suppose -3*n - v*y = -18, -7 - 13 = -5*y. Let o be n/(-4) + 290/4. What is the highest common factor of 9 and o?
9
Suppose f = -2 + 3. Let m be (-8)/6*-3 + -1. Suppose m*a - 4*a + 7 = 0. What is the highest common divisor of a and f?
1
Let u be -13*8*(2 + -3). What is the greatest common factor of u and 13?
13
Let c = -6 - -4. Let u(m) = -3*m**3 - m**2 - 2*m + 1. Let w be u(c). Let k = -10 - -15. What is the greatest common factor of w and k?
5
Suppose 0 = g - 4*x - 81, 0*g + 2*x = g - 79. What is the highest common factor of 11 and g?
11
Let o be ((-12)/(-5))/((-14)/(-35)). Suppose o*d = 42 + 24. What is the highest common factor of 77 and d?
11
Suppose -a - 96 = -4*a. Suppose 6 + 2 = 2*h. Suppose 6 + 26 = h*y. Calculate the greatest common factor of y and a.
8
Suppose 389 = 3*n + n + 5*x, -3*x = -5*n + 477. Calculate the highest common divisor of n and 12.
12
Let w be (-84)/((-6)/27*3). What is the high